{"id":24,"date":"2022-09-25T15:51:18","date_gmt":"2022-09-25T13:51:18","guid":{"rendered":"http:\/\/psychologue-bourgoin.fr\/?page_id=24"},"modified":"2022-09-25T15:58:11","modified_gmt":"2022-09-25T13:58:11","slug":"prestations","status":"publish","type":"page","link":"https:\/\/psychologue-bourgoin.fr\/?page_id=24","title":{"rendered":"Prestations"},"content":{"rendered":"\n<figure class=\"wp-block-image\"><img alt=\"\"\/><\/figure>\n\n\n\n<div class=\"wp-block-image\"><figure class=\"alignleft size-full is-resized\"><img loading=\"lazy\" src=\"http:\/\/psychologue-bourgoin.fr\/wp-content\/uploads\/2022\/09\/istockphoto-959176916-612x612-2.jpg\" alt=\"\" class=\"wp-image-156\" width=\"239\" height=\"187\" srcset=\"https:\/\/psychologue-bourgoin.fr\/wp-content\/uploads\/2022\/09\/istockphoto-959176916-612x612-2.jpg 612w, https:\/\/psychologue-bourgoin.fr\/wp-content\/uploads\/2022\/09\/istockphoto-959176916-612x612-2-300x235.jpg 300w\" sizes=\"(max-width: 239px) 100vw, 239px\" \/><\/figure><\/div>\n\n\n\n<p class=\"has-medium-font-size\"><strong>Tout commence par une premi\u00e8re rencontre!<\/strong><\/p>\n\n\n\n<p>Il s&rsquo;agit avant tout de faire connaissance: vous, avec moi et ma fa\u00e7on de travailler; moi avec vous et les difficult\u00e9s qui vous conduisent \u00e0 consulter un psychologue.<\/p>\n\n\n\n<p>Cette rencontre dure environ 1h, parfois plus. Elle se d\u00e9roule avec l&rsquo;enfant\/adolescent et ses parents. Il arrive qu&rsquo;au cours de cette premi\u00e8re rencontre, je propose un temps sans les parents avec l&rsquo;enfant\/l&rsquo;adolescent, ce n&rsquo;est pas syst\u00e9matique.<\/p>\n\n\n\n<p><\/p>\n\n\n\n<figure class=\"wp-block-image alignwide\"><img alt=\"\"\/><\/figure>\n\n\n\n<p class=\"has-medium-font-size\"><\/p>\n\n\n\n<p>A l&rsquo;issue de cette premi\u00e8re rencontre, selon ce qui a \u00e9t\u00e9 \u00e9chang\u00e9, je vous ferai une proposition de prestation \u00e0 laquelle vous aurez le temps de r\u00e9fl\u00e9chir.<\/p>\n\n\n\n<p><strong><em>Suivis psychoth\u00e9rapeutiques<\/em><\/strong><\/p>\n\n\n\n<p>L&rsquo;objectif d&rsquo;un suivi est d&rsquo;aller mieux! Il peut s&rsquo;agir de se sentir mieux dans ses pens\u00e9es et \u00e9motions, de mieux comprendre sa mani\u00e8re de fonctionner et savoir s&rsquo;adapter aux situations difficiles, d&rsquo;avoir une meilleure estime de soi, etc&#8230;<\/p>\n\n\n\n<p>Pour se faire, je propose diff\u00e9rents types de suivis. Il peut s&rsquo;agir d&rsquo;un suivi par la parole ou par le jeu. Je re\u00e7ois alors l&rsquo;enfant ou l&rsquo;adolescent seul pour une dur\u00e9e de 3\/4 heure. Un point est fait avec les parents, soit \u00e0 l&rsquo;issue de chaque s\u00e9ance, soit \u00e0 intervalles r\u00e9guliers. Je peux \u00e9galement utiliser des outils issus des th\u00e9ories cognitivo-comportementale dans le cadre de certains suivis.<\/p>\n\n\n\n<p><\/p>\n\n\n\n<p><em><strong>Groupes d&rsquo;entra\u00eenement aux habilet\u00e9s sociales<\/strong><\/em><\/p>\n\n\n\n<p>A destinations de personnes avec autisme, les groupes d&rsquo;entra\u00eenement aux habilet\u00e9s sociales permettent de d\u00e9velopper les capacit\u00e9s \u00e0 interagir avec les autres de mani\u00e8re adapt\u00e9e. Ces groupes sont co-anim\u00e9s avec une \u00e9ducatrice et fonctionnent sur un rythme d&rsquo;une heure par quinzaine. Ils s&rsquo;organisent lorsque plusieurs enfants\/adolescent avec des \u00e2ges\/mode de fonctionnement\/besoin similaires en font la demande. Un engagement par cycle trimestriel est n\u00e9cessaire. (pour plus d&rsquo;informations, voir la page d\u00e9di\u00e9e aux groupes d&rsquo;entra\u00eenement aux habilet\u00e9s sociales)<\/p>\n\n\n\n<p><\/p>\n\n\n\n<p><em><strong>Bilans<\/strong><\/em><\/p>\n\n\n\n<p>Parfois, pour mieux cerner le besoin, ou pour mettre en place le suivi, une \u00e9valuation est n\u00e9cessaire. Ce peut \u00eatre aussi le cas dans le cadre d&rsquo;une d\u00e9marche diagnostique. <\/p>\n\n\n\n<p>Selon les situations, je peux vous proposer de r\u00e9aliser cette \u00e9valuation, ou vous adresser \u00e0 un(e) coll\u00e8gue. <\/p>\n\n\n\n<p><em><strong>Guid<\/strong><\/em><strong><em>ance parentale et groupes Barkley<\/em><\/strong><\/p>\n\n\n\n<p>La guidance parentale consiste \u00e0 aider le(s) parents \u00e0 s&rsquo;ajuster aux particularit\u00e9s de l&rsquo;enfant. Je re\u00e7oit alors les parents pour un temps d&rsquo;\u00e9change au cours duquel j&rsquo;am\u00e8ne des explications sur le fonctionnement de l&rsquo;enfant, et accompagne le parent \u00e0 trouver une mani\u00e8re d&rsquo;\u00eatre avec l&rsquo;enfant qui soit en accord avec ses principes \u00e9ducatifs.<\/p>\n\n\n\n<p>Pour les parents d&rsquo;enfants avec TDA\/H, je propose un type de guidance sp\u00e9cifique, sous forme de groupe de parents, les groupes Barkley. Ces groupes r\u00e9unissent 4 \u00e0 5 familles au rythme d&rsquo;un par quinzaine, pour 10 \u00e0 11 s\u00e9ances. Un engagement est indispensable pour toute la dur\u00e9e du cycle. (pour plus d&rsquo;information, voir la page d\u00e9di\u00e9e aux groupes Barkley)<\/p>\n\n\n\n<p><\/p>\n","protected":false},"excerpt":{"rendered":"<p>Tout commence par une premi\u00e8re rencontre! Il s&rsquo;agit avant tout de faire connaissance: vous, avec moi et ma fa\u00e7on de travailler; moi avec vous et les difficult\u00e9s qui vous conduisent \u00e0 consulter un psychologue. Cette rencontre dure environ 1h, parfois &hellip; <a href=\"https:\/\/psychologue-bourgoin.fr\/?page_id=24\">Lire la suite\u00ad\u00ad<\/a><\/p>\n","protected":false},"author":1,"featured_media":0,"parent":0,"menu_order":0,"comment_status":"closed","ping_status":"closed","template":"","meta":{"kt_blocks_editor_width":""},"yoast_head":"<!-- This site is optimized with the Yoast SEO plugin v19.7.1 - https:\/\/yoast.com\/wordpress\/plugins\/seo\/ -->\n<title>Prestations - Muriel Rousselle, psychologue clinicienne<\/title>\n<meta name=\"robots\" content=\"index, follow, max-snippet:-1, max-image-preview:large, max-video-preview:-1\" \/>\n<link rel=\"canonical\" href=\"https:\/\/psychologue-bourgoin.fr\/?page_id=24\" \/>\n<meta property=\"og:locale\" content=\"fr_FR\" \/>\n<meta property=\"og:type\" content=\"article\" \/>\n<meta property=\"og:title\" content=\"Prestations - Muriel Rousselle, psychologue clinicienne\" \/>\n<meta property=\"og:description\" content=\"Tout commence par une premi\u00e8re rencontre! Il s&rsquo;agit avant tout de faire connaissance: vous, avec moi et ma fa\u00e7on de travailler; moi avec vous et les difficult\u00e9s qui vous conduisent \u00e0 consulter un psychologue. Cette rencontre dure environ 1h, parfois &hellip; Lire la suite\u00ad\u00ad\" \/>\n<meta property=\"og:url\" content=\"https:\/\/psychologue-bourgoin.fr\/?page_id=24\" \/>\n<meta property=\"og:site_name\" content=\"Muriel Rousselle, psychologue clinicienne\" \/>\n<meta property=\"article:modified_time\" content=\"2022-09-25T13:58:11+00:00\" \/>\n<meta property=\"og:image\" content=\"http:\/\/psychologue-bourgoin.fr\/wp-content\/uploads\/2022\/09\/istockphoto-959176916-612x612-2.jpg\" \/>\n<meta name=\"twitter:card\" content=\"summary_large_image\" \/>\n<meta name=\"twitter:label1\" content=\"Dur\u00e9e de lecture estim\u00e9e\" \/>\n\t<meta name=\"twitter:data1\" content=\"3 minutes\" \/>\n<script type=\"application\/ld+json\" class=\"yoast-schema-graph\">{\"@context\":\"https:\/\/schema.org\",\"@graph\":[{\"@type\":\"WebPage\",\"@id\":\"https:\/\/psychologue-bourgoin.fr\/?page_id=24\",\"url\":\"https:\/\/psychologue-bourgoin.fr\/?page_id=24\",\"name\":\"Prestations - Muriel Rousselle, psychologue clinicienne\",\"isPartOf\":{\"@id\":\"http:\/\/psychologue-bourgoin.fr\/#website\"},\"datePublished\":\"2022-09-25T13:51:18+00:00\",\"dateModified\":\"2022-09-25T13:58:11+00:00\",\"breadcrumb\":{\"@id\":\"https:\/\/psychologue-bourgoin.fr\/?page_id=24#breadcrumb\"},\"inLanguage\":\"fr-FR\",\"potentialAction\":[{\"@type\":\"ReadAction\",\"target\":[\"https:\/\/psychologue-bourgoin.fr\/?page_id=24\"]}]},{\"@type\":\"BreadcrumbList\",\"@id\":\"https:\/\/psychologue-bourgoin.fr\/?page_id=24#breadcrumb\",\"itemListElement\":[{\"@type\":\"ListItem\",\"position\":1,\"name\":\"Accueil\",\"item\":\"http:\/\/psychologue-bourgoin.fr\/\"},{\"@type\":\"ListItem\",\"position\":2,\"name\":\"Prestations\"}]},{\"@type\":\"WebSite\",\"@id\":\"http:\/\/psychologue-bourgoin.fr\/#website\",\"url\":\"http:\/\/psychologue-bourgoin.fr\/\",\"name\":\"Muriel Rousselle, psychologue clinicienne\",\"description\":\"\",\"potentialAction\":[{\"@type\":\"SearchAction\",\"target\":{\"@type\":\"EntryPoint\",\"urlTemplate\":\"http:\/\/psychologue-bourgoin.fr\/?s={search_term_string}\"},\"query-input\":\"required name=search_term_string\"}],\"inLanguage\":\"fr-FR\"}]}<\/script>\n<!-- \/ Yoast SEO plugin. -->","yoast_head_json":{"title":"Prestations - Muriel Rousselle, psychologue clinicienne","robots":{"index":"index","follow":"follow","max-snippet":"max-snippet:-1","max-image-preview":"max-image-preview:large","max-video-preview":"max-video-preview:-1"},"canonical":"https:\/\/psychologue-bourgoin.fr\/?page_id=24","og_locale":"fr_FR","og_type":"article","og_title":"Prestations - Muriel Rousselle, psychologue clinicienne","og_description":"Tout commence par une premi\u00e8re rencontre! Il s&rsquo;agit avant tout de faire connaissance: vous, avec moi et ma fa\u00e7on de travailler; moi avec vous et les difficult\u00e9s qui vous conduisent \u00e0 consulter un psychologue. Cette rencontre dure environ 1h, parfois &hellip; Lire la suite\u00ad\u00ad","og_url":"https:\/\/psychologue-bourgoin.fr\/?page_id=24","og_site_name":"Muriel Rousselle, psychologue clinicienne","article_modified_time":"2022-09-25T13:58:11+00:00","og_image":[{"url":"http:\/\/psychologue-bourgoin.fr\/wp-content\/uploads\/2022\/09\/istockphoto-959176916-612x612-2.jpg"}],"twitter_card":"summary_large_image","twitter_misc":{"Dur\u00e9e de lecture estim\u00e9e":"3 minutes"},"schema":{"@context":"https:\/\/schema.org","@graph":[{"@type":"WebPage","@id":"https:\/\/psychologue-bourgoin.fr\/?page_id=24","url":"https:\/\/psychologue-bourgoin.fr\/?page_id=24","name":"Prestations - Muriel Rousselle, psychologue clinicienne","isPartOf":{"@id":"http:\/\/psychologue-bourgoin.fr\/#website"},"datePublished":"2022-09-25T13:51:18+00:00","dateModified":"2022-09-25T13:58:11+00:00","breadcrumb":{"@id":"https:\/\/psychologue-bourgoin.fr\/?page_id=24#breadcrumb"},"inLanguage":"fr-FR","potentialAction":[{"@type":"ReadAction","target":["https:\/\/psychologue-bourgoin.fr\/?page_id=24"]}]},{"@type":"BreadcrumbList","@id":"https:\/\/psychologue-bourgoin.fr\/?page_id=24#breadcrumb","itemListElement":[{"@type":"ListItem","position":1,"name":"Accueil","item":"http:\/\/psychologue-bourgoin.fr\/"},{"@type":"ListItem","position":2,"name":"Prestations"}]},{"@type":"WebSite","@id":"http:\/\/psychologue-bourgoin.fr\/#website","url":"http:\/\/psychologue-bourgoin.fr\/","name":"Muriel Rousselle, psychologue clinicienne","description":"","potentialAction":[{"@type":"SearchAction","target":{"@type":"EntryPoint","urlTemplate":"http:\/\/psychologue-bourgoin.fr\/?s={search_term_string}"},"query-input":"required name=search_term_string"}],"inLanguage":"fr-FR"}]}},"_links":{"self":[{"href":"https:\/\/psychologue-bourgoin.fr\/index.php?rest_route=\/wp\/v2\/pages\/24"}],"collection":[{"href":"https:\/\/psychologue-bourgoin.fr\/index.php?rest_route=\/wp\/v2\/pages"}],"about":[{"href":"https:\/\/psychologue-bourgoin.fr\/index.php?rest_route=\/wp\/v2\/types\/page"}],"author":[{"embeddable":true,"href":"https:\/\/psychologue-bourgoin.fr\/index.php?rest_route=\/wp\/v2\/users\/1"}],"replies":[{"embeddable":true,"href":"https:\/\/psychologue-bourgoin.fr\/index.php?rest_route=%2Fwp%2Fv2%2Fcomments&post=24"}],"version-history":[{"count":17,"href":"https:\/\/psychologue-bourgoin.fr\/index.php?rest_route=\/wp\/v2\/pages\/24\/revisions"}],"predecessor-version":[{"id":171,"href":"https:\/\/psychologue-bourgoin.fr\/index.php?rest_route=\/wp\/v2\/pages\/24\/revisions\/171"}],"wp:attachment":[{"href":"https:\/\/psychologue-bourgoin.fr\/index.php?rest_route=%2Fwp%2Fv2%2Fmedia&parent=24"}],"curies":[{"name":"wp","href":"https:\/\/api.w.org\/{rel}","templated":true}]}}