{"id":30,"date":"2022-09-25T16:01:36","date_gmt":"2022-09-25T14:01:36","guid":{"rendered":"http:\/\/psychologue-bourgoin.fr\/?page_id=30"},"modified":"2022-09-25T16:01:37","modified_gmt":"2022-09-25T14:01:37","slug":"pourquoi-consulter-un-psychologue-pour-son-enfant","status":"publish","type":"page","link":"https:\/\/psychologue-bourgoin.fr\/?page_id=30","title":{"rendered":"Pourquoi consulter un psychologue pour son enfant?"},"content":{"rendered":"\n<div class=\"wp-block-image is-style-default\"><figure class=\"alignleft size-large is-resized\"><img loading=\"lazy\" src=\"https:\/\/media.istockphoto.com\/vectors\/happy-family-vector-id1269843303?k=20&amp;m=1269843303&amp;s=612x612&amp;w=0&amp;h=GUfwUByn7gSQl94EqDd4N5Jy6mvJX5el9Eoa0rh1Chg=\" alt=\"\" width=\"456\" height=\"304\"\/><\/figure><\/div>\n\n\n\n<p>Vous avez des doutes sur le fonctionnement ou le d\u00e9veloppement de votre enfant? Il dort mal, s&rsquo;oppose, a peu d&rsquo;amis? Il rencontre des difficult\u00e9s \u00e0 l&rsquo;\u00e9cole, son comportement change et vous ne comprenez pas pourquoi? Il vous dit lui-m\u00eame qu&rsquo;il ne va pas bien ou qu&rsquo;il ne s&rsquo;aime pas, mais ne sais pas pourquoi?&#8230; Autant de questions qui peuvent vous amener \u00e0 rencontrer un psychologue&#8230;<\/p>\n\n\n\n<p>Parfois ponctuelles, parfois durables, il peut \u00eatre important de partager ces difficult\u00e9s avec un professionnel afin d&rsquo;y voir plus clair, prendre du recul, et envisager un suivi si cela s&rsquo;av\u00e8re n\u00e9cessaire.<\/p>\n\n\n\n<p>Dans le cas de handicap ou de troubles neurod\u00e9veloppementaux qui perturbent le d\u00e9veloppement de l&rsquo;enfant et parfois le fonctionnement familial, un suivi peut aider \u00e0 soutenir les apprentissages et r\u00e9tablir une estime de soi souvent mise \u00e0 mal.<\/p>\n","protected":false},"excerpt":{"rendered":"<p>Vous avez des doutes sur le fonctionnement ou le d\u00e9veloppement de votre enfant? Il dort mal, s&rsquo;oppose, a peu d&rsquo;amis? Il rencontre des difficult\u00e9s \u00e0 l&rsquo;\u00e9cole, son comportement change et vous ne comprenez pas pourquoi? Il vous dit lui-m\u00eame qu&rsquo;il &hellip; <a href=\"https:\/\/psychologue-bourgoin.fr\/?page_id=30\">Lire la suite\u00ad\u00ad<\/a><\/p>\n","protected":false},"author":1,"featured_media":0,"parent":0,"menu_order":0,"comment_status":"closed","ping_status":"closed","template":"","meta":{"kt_blocks_editor_width":""},"yoast_head":"<!-- This site is optimized with the Yoast SEO plugin v19.7.1 - https:\/\/yoast.com\/wordpress\/plugins\/seo\/ -->\n<title>Pourquoi consulter un psychologue pour son enfant? - Muriel Rousselle, psychologue clinicienne<\/title>\n<meta name=\"robots\" content=\"index, follow, max-snippet:-1, max-image-preview:large, max-video-preview:-1\" \/>\n<link rel=\"canonical\" href=\"https:\/\/psychologue-bourgoin.fr\/?page_id=30\" \/>\n<meta property=\"og:locale\" content=\"fr_FR\" \/>\n<meta property=\"og:type\" content=\"article\" \/>\n<meta property=\"og:title\" content=\"Pourquoi consulter un psychologue pour son enfant? - Muriel Rousselle, psychologue clinicienne\" \/>\n<meta property=\"og:description\" content=\"Vous avez des doutes sur le fonctionnement ou le d\u00e9veloppement de votre enfant? Il dort mal, s&rsquo;oppose, a peu d&rsquo;amis? Il rencontre des difficult\u00e9s \u00e0 l&rsquo;\u00e9cole, son comportement change et vous ne comprenez pas pourquoi? Il vous dit lui-m\u00eame qu&rsquo;il &hellip; Lire la suite\u00ad\u00ad\" \/>\n<meta property=\"og:url\" content=\"https:\/\/psychologue-bourgoin.fr\/?page_id=30\" \/>\n<meta property=\"og:site_name\" content=\"Muriel Rousselle, psychologue clinicienne\" \/>\n<meta property=\"article:modified_time\" content=\"2022-09-25T14:01:37+00:00\" \/>\n<meta property=\"og:image\" content=\"https:\/\/media.istockphoto.com\/vectors\/happy-family-vector-id1269843303?k=20&amp;m=1269843303&amp;s=612x612&amp;w=0&amp;h=GUfwUByn7gSQl94EqDd4N5Jy6mvJX5el9Eoa0rh1Chg=\" \/>\n<meta name=\"twitter:card\" content=\"summary_large_image\" \/>\n<meta name=\"twitter:label1\" content=\"Dur\u00e9e de lecture estim\u00e9e\" \/>\n\t<meta name=\"twitter:data1\" content=\"1 minute\" \/>\n<script type=\"application\/ld+json\" class=\"yoast-schema-graph\">{\"@context\":\"https:\/\/schema.org\",\"@graph\":[{\"@type\":\"WebPage\",\"@id\":\"https:\/\/psychologue-bourgoin.fr\/?page_id=30\",\"url\":\"https:\/\/psychologue-bourgoin.fr\/?page_id=30\",\"name\":\"Pourquoi consulter un psychologue pour son enfant? - Muriel Rousselle, psychologue clinicienne\",\"isPartOf\":{\"@id\":\"http:\/\/psychologue-bourgoin.fr\/#website\"},\"datePublished\":\"2022-09-25T14:01:36+00:00\",\"dateModified\":\"2022-09-25T14:01:37+00:00\",\"breadcrumb\":{\"@id\":\"https:\/\/psychologue-bourgoin.fr\/?page_id=30#breadcrumb\"},\"inLanguage\":\"fr-FR\",\"potentialAction\":[{\"@type\":\"ReadAction\",\"target\":[\"https:\/\/psychologue-bourgoin.fr\/?page_id=30\"]}]},{\"@type\":\"BreadcrumbList\",\"@id\":\"https:\/\/psychologue-bourgoin.fr\/?page_id=30#breadcrumb\",\"itemListElement\":[{\"@type\":\"ListItem\",\"position\":1,\"name\":\"Accueil\",\"item\":\"http:\/\/psychologue-bourgoin.fr\/\"},{\"@type\":\"ListItem\",\"position\":2,\"name\":\"Pourquoi consulter un psychologue pour son enfant?\"}]},{\"@type\":\"WebSite\",\"@id\":\"http:\/\/psychologue-bourgoin.fr\/#website\",\"url\":\"http:\/\/psychologue-bourgoin.fr\/\",\"name\":\"Muriel Rousselle, psychologue clinicienne\",\"description\":\"\",\"potentialAction\":[{\"@type\":\"SearchAction\",\"target\":{\"@type\":\"EntryPoint\",\"urlTemplate\":\"http:\/\/psychologue-bourgoin.fr\/?s={search_term_string}\"},\"query-input\":\"required name=search_term_string\"}],\"inLanguage\":\"fr-FR\"}]}<\/script>\n<!-- \/ Yoast SEO plugin. -->","yoast_head_json":{"title":"Pourquoi consulter un psychologue pour son enfant? - Muriel Rousselle, psychologue clinicienne","robots":{"index":"index","follow":"follow","max-snippet":"max-snippet:-1","max-image-preview":"max-image-preview:large","max-video-preview":"max-video-preview:-1"},"canonical":"https:\/\/psychologue-bourgoin.fr\/?page_id=30","og_locale":"fr_FR","og_type":"article","og_title":"Pourquoi consulter un psychologue pour son enfant? - Muriel Rousselle, psychologue clinicienne","og_description":"Vous avez des doutes sur le fonctionnement ou le d\u00e9veloppement de votre enfant? Il dort mal, s&rsquo;oppose, a peu d&rsquo;amis? Il rencontre des difficult\u00e9s \u00e0 l&rsquo;\u00e9cole, son comportement change et vous ne comprenez pas pourquoi? Il vous dit lui-m\u00eame qu&rsquo;il &hellip; Lire la suite\u00ad\u00ad","og_url":"https:\/\/psychologue-bourgoin.fr\/?page_id=30","og_site_name":"Muriel Rousselle, psychologue clinicienne","article_modified_time":"2022-09-25T14:01:37+00:00","og_image":[{"url":"https:\/\/media.istockphoto.com\/vectors\/happy-family-vector-id1269843303?k=20&amp;m=1269843303&amp;s=612x612&amp;w=0&amp;h=GUfwUByn7gSQl94EqDd4N5Jy6mvJX5el9Eoa0rh1Chg="}],"twitter_card":"summary_large_image","twitter_misc":{"Dur\u00e9e de lecture estim\u00e9e":"1 minute"},"schema":{"@context":"https:\/\/schema.org","@graph":[{"@type":"WebPage","@id":"https:\/\/psychologue-bourgoin.fr\/?page_id=30","url":"https:\/\/psychologue-bourgoin.fr\/?page_id=30","name":"Pourquoi consulter un psychologue pour son enfant? - Muriel Rousselle, psychologue clinicienne","isPartOf":{"@id":"http:\/\/psychologue-bourgoin.fr\/#website"},"datePublished":"2022-09-25T14:01:36+00:00","dateModified":"2022-09-25T14:01:37+00:00","breadcrumb":{"@id":"https:\/\/psychologue-bourgoin.fr\/?page_id=30#breadcrumb"},"inLanguage":"fr-FR","potentialAction":[{"@type":"ReadAction","target":["https:\/\/psychologue-bourgoin.fr\/?page_id=30"]}]},{"@type":"BreadcrumbList","@id":"https:\/\/psychologue-bourgoin.fr\/?page_id=30#breadcrumb","itemListElement":[{"@type":"ListItem","position":1,"name":"Accueil","item":"http:\/\/psychologue-bourgoin.fr\/"},{"@type":"ListItem","position":2,"name":"Pourquoi consulter un psychologue pour son enfant?"}]},{"@type":"WebSite","@id":"http:\/\/psychologue-bourgoin.fr\/#website","url":"http:\/\/psychologue-bourgoin.fr\/","name":"Muriel Rousselle, psychologue clinicienne","description":"","potentialAction":[{"@type":"SearchAction","target":{"@type":"EntryPoint","urlTemplate":"http:\/\/psychologue-bourgoin.fr\/?s={search_term_string}"},"query-input":"required name=search_term_string"}],"inLanguage":"fr-FR"}]}},"_links":{"self":[{"href":"https:\/\/psychologue-bourgoin.fr\/index.php?rest_route=\/wp\/v2\/pages\/30"}],"collection":[{"href":"https:\/\/psychologue-bourgoin.fr\/index.php?rest_route=\/wp\/v2\/pages"}],"about":[{"href":"https:\/\/psychologue-bourgoin.fr\/index.php?rest_route=\/wp\/v2\/types\/page"}],"author":[{"embeddable":true,"href":"https:\/\/psychologue-bourgoin.fr\/index.php?rest_route=\/wp\/v2\/users\/1"}],"replies":[{"embeddable":true,"href":"https:\/\/psychologue-bourgoin.fr\/index.php?rest_route=%2Fwp%2Fv2%2Fcomments&post=30"}],"version-history":[{"count":5,"href":"https:\/\/psychologue-bourgoin.fr\/index.php?rest_route=\/wp\/v2\/pages\/30\/revisions"}],"predecessor-version":[{"id":153,"href":"https:\/\/psychologue-bourgoin.fr\/index.php?rest_route=\/wp\/v2\/pages\/30\/revisions\/153"}],"wp:attachment":[{"href":"https:\/\/psychologue-bourgoin.fr\/index.php?rest_route=%2Fwp%2Fv2%2Fmedia&parent=30"}],"curies":[{"name":"wp","href":"https:\/\/api.w.org\/{rel}","templated":true}]}}